tors of t?
5, 13
Suppose 32 = 4*w - 3*t - 2*t, 4*w + 8 = -5*t. Suppose -3*j + 2*j - w*g + 19 = 0, 0 = -j + 2*g + 4. Suppose -j*c = -8*c - 106. List the prime factors of c.
53
Let a(t) = -4*t**3 - 14*t**2 + 8*t + 154. What are the prime factors of a(-9)?
2, 233
Let c(q) = 14*q - 26. Let x(o) = o. Let t(p) = c(p) - 12*x(p). Let r be t(15). Suppose 0*d - r*d + 260 = 0. List the prime factors of d.
5, 13
Suppose -4*j = 3*j - 3*j. Suppose 2*u = -2*c + 14 + 62, j = -5*u + 4*c + 217. What are the prime factors of u?
41
Let b = -61 + 43. Let h = 627 + -600. Let x = b + h. List the prime factors of x.
3
Let c(o) = o**2 + 10*o - 14. Let w be c(-12). Let x(u) = 3*u - 22. Let m be x(w). What are the prime factors of m - (12/4 - 2)?
7
Let y = 4 + -1. Suppose 5*l + f - 266 = 0, y*f + 57 = -5*l + 325. What are the prime factors of l?
53
Let t(q) = -11*q - 2. Let s be t(0). What are the prime factors of (-15)/s*(3 + (-105)/(-9))?
2, 5, 11
Let w(z) = 3082*z - 26. What are the prime factors of w(1)?
2, 191
Let f be 1124/(-5) - (-2)/(-10). Let d = f - -472. What are the prime factors of d?
13, 19
Let i(s) be the second derivative of -s**5/20 + s**4/2 - s**3/2 - 5*s**2/2 + 10*s. List the prime factors of i(4).
3, 5
Suppose 0 = -3*d - 10*h + 5*h + 5057, -2 = -2*h. List the prime factors of d.
2, 421
Suppose -65*m + 56*m + 16695 = 0. What are the prime factors of m?
5, 7, 53
Suppose -3*p - 5*x = -25, -5*x + 4 + 16 = 2*p. Suppose -2*k + 2*b + 48 = 3*b, 5*b = p*k - 150. What are the prime factors of k?
2, 13
Suppose 0 = -g + 2*g - 2*d - 142, -4*g + 2*d + 574 = 0. What are the prime factors of g?
2, 3
Let u(h) = -6*h + 29. Let v be u(7). Let f(r) = -12*r + 32. List the prime factors of f(v).
2, 47
Let k(b) = b**3 + 7*b**2 - 7*b + 5. Suppose 0 = 3*l + 15 + 9. Let s be k(l). List the prime factors of 1 + (-1 - -2 - s).
5
Let n(h) = -182*h**3 - h**2 - 2*h - 2. Let a be n(-1). Let g = a + -103. List the prime factors of g.
2, 3, 13
Let h be (-2)/4 - (-27)/(-18). Let k(b) = 36*b**2 - 3*b - 4. Let f be k(h). Suppose 3*n = -50 + f. List the prime factors of n.
2
Let u be (-3 + 2)*(9 - 0). Let c be u/((8/(-14))/(-4)). Let p = 89 + c. List the prime factors of p.
2, 13
Let u(m) = m**3 + 14*m**2 + 3. Let w be u(-14). Let h = w - -3. Suppose h*v - 3*v - 48 = 0. What are the prime factors of v?
2
Suppose s - 4*l - 39 = -5*l, -2*s = 3*l - 76. Let u be (-83)/3 - 2/6. Let i = u + s. List the prime factors of i.
13
Suppose 26*b + 917 - 5519 = 0. What are the prime factors of b?
3, 59
Let c be (-5*2)/((-4)/(-32)). Let n = c + 136. List the prime factors of (n/(-21))/((-1)/9).
2, 3
What are the prime factors of (-8)/12*(0 + -693)?
2, 3, 7, 11
Suppose 2*n - l = 2940, 21*l + 2944 = 2*n + 22*l. What are the prime factors of n?
1471
Suppose 4*s - 148 = 8*s. List the prime factors of -1 + 1 + 4 - s.
41
Let n be 1*945/6*2. Suppose 0 = 6*m - 219 - n. What are the prime factors of m?
89
Let t(i) = i**3 + 12*i**2 - 2*i + 18. Let p be t(-13). Let v = -29 - p. List the prime factors of v.
2, 3
Let o = -969 - -2038. List the prime factors of o.
1069
Let r(q) = 6*q - 1. Let f be r(1). List the prime factors of (-56)/(-20) - 4/f.
2
Let n(q) = -6*q + q**2 + q + 1 + 9. Let f = 231 - 221. List the prime factors of n(f).
2, 3, 5
Let g(n) = n**2 - 10*n + 17. Let c(d) = -d**3 + 23*d**2 - 42*d + 9. Let y be c(21). What are the prime factors of g(y)?
2
Let s = -61 - -126. Let o = -2 + s. What are the prime factors of o?
3, 7
Let c be -2*1 - (-84)/12. Suppose -147 = -c*j + 2*j. What are the prime factors of j?
7
Suppose 14 = 3*k - 4*h, 0 = -h + 5*h - 4. What are the prime factors of 2 - k - (-233 + -1)?
2, 5, 23
Let s(o) = 2*o - 3. Let g be s(4). Suppose -51 = g*n - 6. What are the prime factors of (-1 + 3/n)*-3?
2
Let k(l) = l - 22. Let p be k(24). Suppose -p*v + 149 = -35. What are the prime factors of v?
2, 23
What are the prime factors of 1 + 3 + (-4092 + -3)/(-9)?
3, 17
Let r be (-3)/(-3) + -1 + -36. Let z = r + 46. List the prime factors of z.
2, 5
Let k = 366 + 204. List the prime factors of k.
2, 3, 5, 19
Suppose -6*i + 350 + 2308 = 0. What are the prime factors of i?
443
Let t(u) = u**3 + 3*u**2 - 6*u - 8. Let s be t(-4). Let o(v) = -v + 42. What are the prime factors of o(s)?
2, 3, 7
Let o = -51 - -41. Let s(c) = -c**3 - 9*c**2 + c + 1. List the prime factors of s(o).
7, 13
Suppose -242 + 4178 = 2*f. List the prime factors of f.
2, 3, 41
Let x(u) be the third derivative of -5*u**4/24 - 13*u**3/6 - 2*u**2. List the prime factors of x(-12).
47
Let j(z) = 10*z**2 - 230*z + 77. List the prime factors of j(27).
13, 89
Let o(l) be the first derivative of 0*l - 7/4*l**4 - 8 + 1/2*l**2 + 1/3*l**3. What are the prime factors of o(-1)?
7
Suppose -3*x = -9, -10 = -f - 2*x + 23. What are the prime factors of f?
3
Let n(y) = 180*y**2. Let l be n(1). Suppose -10*q = -12*q + l. What are the prime factors of q?
2, 3, 5
Let q(b) = -b - 2. Let s be q(-6). Let g = 17 + s. What are the prime factors of g?
3, 7
List the prime factors of (-46 - 63)/((2 + 1)/(-57)).
19, 109
Let h(u) = -u + 5. Let a be h(-4). Suppose -q - a = 3*k, 0*q - q - 1 = -k. What are the prime factors of (4/(-2) - q)*5?
5
Suppose -2*q - 34 = -582. List the prime factors of q.
2, 137
Let k = 380 - 216. List the prime factors of k.
2, 41
Suppose -4*u - 3200 = -8*u. What are the prime factors of u?
2, 5
Let s be 27/(-18) + (-22)/(-4). Suppose s*n = 9*n. Suppose n*h - 3*h = -87. List the prime factors of h.
29
Suppose -6*u = -0*u + 630. What are the prime factors of (-8160)/u + 4/14?
2, 3, 13
Let n(f) = -f**3 + 7*f**2 + 12. Let p be n(7). List the prime factors of (148/p)/((-4)/(-12)).
37
Let f(o) be the second derivative of -o**5/20 - 4*o**4/3 - 13*o**3/6 + 17*o**2/2 + 3*o. Let z be f(-15). Let q = z + 17. What are the prime factors of q?
2
Suppose n + r = 6, -4*n + r + 30 = -r. Let w(u) = 5*u**2 - 19*u + 14. What are the prime factors of w(n)?
2, 3, 7
Suppose 0 = d - 3*p - 206, -4*d + 5*p = -5*d + 198. List the prime factors of d.
7, 29
Let v be 25*(-3)/((-60)/8). Let m be v/(-10) + (1 - -2). Suppose -4*w = w + 2*o - 56, m*w + 3*o - 29 = 0. What are the prime factors of w?
2, 5
Let d be (-957)/(-6) + 1/2. Let m be d/(-2 + 6)*1. Suppose 3*h - m = -h. What are the prime factors of h?
2, 5
Let k = -47 - -49. Let b = 8 + k. What are the prime factors of b?
2, 5
Suppose 0 = -12*p + 10*p + 4440. List the prime factors of p.
2, 3, 5, 37
List the prime factors of (-12 + 7)*(-19112)/20.
2, 2389
Suppose -2*x - 480 = -3*z + 7408, x - 7891 = -3*z. What are the prime factors of z?
2, 5, 263
Let i = -27 - -27. Suppose -5*f + i*k = 4*k - 114, -3*k + 40 = 2*f. List the prime factors of f.
2, 13
Suppose -3350 + 88 = -14*a. List the prime factors of a.
233
Let o = 47 - 34. Suppose -w + x = -o, -3*w + 4*w - 3*x = 17. Suppose 120 = 5*s + 5*i, s - i - 15 = w. List the prime factors of s.
5
Suppose 11 = -3*d + 29. Suppose -x + 119 = 4*o - d, 0 = -o. What are the prime factors of x?
5
Suppose -5*z - 4*x + 2 = 0, -2*z + 1 = -4*x - 11. Let p be (2 + 1 + 1)/1. Suppose -p*y = -z*m - 86, m = 5*y - 74 - 38. What are the prime factors of y?
23
Suppose -2*y + 95 + 41 = 0. What are the prime factors of y?
2, 17
Let m(r) be the first derivative of r**4/4 - 2*r**3 - 3*r**2 + 3*r - 4. Let f be m(6). List the prime factors of ((-4)/(-2))/((-2)/f).
3, 11
Suppose 2*r - 4*f + 52 = 0, 2*f = 5*r - 0*f + 122. Let d(z) = -5*z - 36. What are the prime factors of d(r)?
2, 3, 7
Suppose 17 = 3*p - 5*a, -2*p = p + 4*a - 8. Suppose -8 = 3*u - 2*u + p*y, 24 = -3*u - 3*y. What are the prime factors of ((-95)/(-20))/((-1)/u)?
2, 19
Let s(w) = -4*w**3 - w**2 - 2*w - 1. Suppose -c - 3 = -0. Let b be s(c). Suppose -4*j + b = -36. What are the prime factors of j?
5, 7
Let s = -1778 - -3346. List the prime factors of s.
2, 7
Let k(x) = 236*x**2 + 3*x - 4. Let z be k(2). Let r be 4/18 - z/(-198). Suppose -r*d = -137 - 73. List the prime factors of d.
2, 3, 7
Let b = 193 + -297. Let h = b + 204. List the prime factors of h.
2, 5
Let j(i) = -10*i - 2. Let o be j(-1). Suppose -35 = -9*b + o*b. What are the prime factors of b?
5, 7
Let v = -6419 + 9278. List the prime factors of v.
3, 953
List the prime factors of 1956*((-165)/45 - 8/(-2)).
2, 163
Let w(p) = 3*p - 2. Let b(u) = 4*u - 2. Let f(s) = 4*b(s) -